4*q = -3*u + 48, 5*u + 4*q - 3*q = 63. Suppose 14*c = u*c + 24. What is the units digit of c?
2
Let y(t) = -4*t - 9. Let a = 7 + -16. What is the tens digit of y(a)?
2
Suppose 2 = -2*k + k. What is the units digit of 2/(k - 8/(-3))?
3
Let m(r) = r**2 - 5*r + 5. Let x be (-81)/(-4) - (-1)/(-4). Suppose c - x = -3*s, 0*s - 3*s + 10 = -c. What is the units digit of m(c)?
5
Let w = 424 + -196. What is the hundreds digit of w?
2
Suppose -j + 90 + 29 = 0. What is the units digit of j?
9
Suppose 0 = 2*x + 3*x + 65. Let t = x - -2. Let y = t - -18. What is the units digit of y?
7
Let b be 1/(-6) - 3/(-18). Suppose -3*d = 5*v + 8, 5*v = -4*d - b*d - 4. What is the units digit of d?
4
Let g be (-5)/((-15)/(-18)) + -3. What is the units digit of 4/(4/g)*-1?
9
Suppose -727 = -6*x + 203. What is the hundreds digit of x?
1
Suppose 0 = 3*u + u - 84. What is the tens digit of u?
2
Let t be (-1944)/(-60) + (-4)/10. Suppose -4*l = -0*l - t. What is the units digit of l?
8
Let p(b) = -b**2 - 8*b + 2. Let k be p(-8). Suppose -k*v - v = -3. What is the units digit of v?
1
What is the tens digit of 20/15*10*6?
8
Let s(t) = -t**3 - 1. Let u(g) = 21*g**3 + 2*g + 3. Let h(i) = -2*s(i) - u(i). What is the tens digit of h(-1)?
2
Let d(j) = j**3 + 5*j**2 - j - 5. Let o be d(-5). Suppose o = p - 3*f + 4, -p - 2*f = -3*p. What is the units digit of 1/p - (-3)/6?
1
Suppose 4*d - 25 - 23 = 0. What is the units digit of (30/(-8))/(d/(-32))?
0
Let f(o) = o**3 + o**2 - 2*o. Let k be f(-2). Let x be 5/5 + (k - -1). Suppose x = -z + 9. What is the units digit of z?
7
Let y(t) be the third derivative of t**4/12 - t**3 + 7*t**2. Let r be 58/8 + 2/(-8). What is the units digit of y(r)?
8
What is the units digit of 13/(-52) - (-130)/8?
6
Let a = -358 - -553. What is the tens digit of a?
9
Let f be (-5)/2*(0 + -2). What is the tens digit of 18 - (0 + -2 + f)?
1
What is the tens digit of (-646)/(-10) + ((-9)/(-15))/(-1)?
6
Suppose 10 = -2*k + 4*h, -2*k - 2*h + 9 = k. Suppose 4*s = 3*v + v - 68, v + 3*s = k. What is the units digit of v?
3
Suppose -11 = -4*g + 5. What is the tens digit of (-45)/g*56/(-21)?
3
Suppose -2*c - 5*i = -89, 4*c + 9 - 193 = -4*i. What is the units digit of c?
7
Let o = -42 + 30. Let i(p) = 2*p + 1. Let q be i(-1). Let x = q - o. What is the tens digit of x?
1
Suppose g = -148 + 495. What is the hundreds digit of g?
3
Let a(q) be the first derivative of q**2/2 - q + 4. What is the units digit of a(4)?
3
Suppose 234 + 41 = 5*v. What is the tens digit of v?
5
Suppose -i + 1 = -0*i. Suppose 0 = -f - 0 + i. What is the units digit of f?
1
Let u(v) = 59*v**3 - 1. Let d be u(1). What is the units digit of d/6 - 6/9?
9
What is the tens digit of 49 + (-4)/(-20)*5?
5
Suppose -1993 = -3*r - 616. What is the units digit of r?
9
Let o(s) = 45*s - 12. What is the units digit of o(3)?
3
Suppose p + 2 = 10. What is the units digit of p?
8
Let a(c) be the second derivative of c**3/2 - 5*c**2 - 15*c. Let x(d) = d + 3. Let u be x(6). What is the units digit of a(u)?
7
Suppose -5*v - n = -493, -3*v = -5*v - 5*n + 188. What is the tens digit of v?
9
Suppose 0 = 4*n + b + 6 + 8, 16 = -2*n - 5*b. Let k(t) = t**3 + 3*t**2 - 7*t - 6. Let s be k(-4). Let f = n + s. What is the units digit of f?
3
Let s(b) = b**2 - 3*b + 12. Let j(l) = 4*l - 2. Let u(r) = 11*r - 5. Let z(i) = 8*j(i) - 3*u(i). Let k(h) = s(h) - 4*z(h). What is the units digit of k(0)?
6
Let t(g) = 16*g**2 - 2*g - 2. Let w be t(-2). Suppose b + w = 3*b. Suppose -b = 4*m - 81. What is the units digit of m?
2
Let g be ((-3)/(-2))/((-2)/8). Let c = -5 - 15. Let l = g - c. What is the tens digit of l?
1
Let d = -2 + 19. Suppose x + 4*p + 0*p - 29 = 0, 3*x - d = 2*p. Suppose -n - 1 = -x. What is the units digit of n?
8
Let z(y) = 17*y + 2. What is the units digit of z(1)?
9
Let z(f) = 0 - f - 3 - f. Let p be z(-4). Suppose -3*y = -5*c - p, 2*y - 2*c - 35 = -5*c. What is the tens digit of y?
1
Let g be (-6)/(-2) - (4 + -6). Suppose -3*w + 3*k = -3, -4*w + g*k = -4 - 2. Let f = 7 + w. What is the units digit of f?
6
Let x = 3 - 1. Suppose -5*j + 0*j + 28 = -q, 3*q + 19 = x*j. What is the units digit of j?
5
Let u(t) = -2*t**3 - 3*t**2 - 3*t. Let l be u(-2). What is the tens digit of 30/75 + 306/l?
3
Let n(w) = -w**2 - w - 1. Let i(u) = -21*u**3 + 4*u**2 + 4*u + 4. Let d(z) = i(z) + 3*n(z). Let c be d(-1). What is the tens digit of (-4)/c - 580/(-44)?
1
Suppose 0*m - 32 = -4*m. Suppose 12*a - 5*a = -49. Let l = a + m. What is the units digit of l?
1
Suppose z = 11 + 19. What is the units digit of z?
0
Suppose -l = -0*l - 5. Suppose -2*n + 7 = -3. Suppose 5*h = m + 27, -l*h - n*m = -2*h - 5. What is the units digit of h?
5
Let k = 4 - -1. Suppose 2*b = 2*u - 3*u + 18, 0 = -k*b + u + 59. What is the tens digit of b?
1
Let u be (0 - -1) + (-3 - -4). Let w(c) = -1 + c**u + 2*c - 5*c**3 + 3*c - 6*c. What is the units digit of w(-1)?
6
Suppose -y = -5*y - 2*a + 306, -224 = -3*y + 4*a. What is the units digit of y?
6
Suppose -4*s + 215 = s + 5*o, -2*s - 5*o + 86 = 0. What is the units digit of s?
3
Let y(o) = -o**3 - 3*o**2 - o + 1. Let j be y(-3). Suppose 4*h = 4*m + 20, -3 + 1 = 2*m - j*h. Let d = 25 + m. What is the tens digit of d?
1
Let z(u) = -u**3 - 10*u**2 - 9*u + 27. What is the units digit of z(-11)?
7
Suppose 0 = 2*t - 0*d - 4*d - 36, -3*t - 2*d = -78. What is the tens digit of t?
2
Suppose 2*h = 5*h. Suppose s - 5 = -h*s. Suppose -s*b + 16 + 4 = 0. What is the units digit of b?
4
Suppose 3*f - 7 - 6 = 2*m, 4*m = 16. What is the units digit of f?
7
Let f be 4/(-12) - (-55)/3. Suppose -14 = -2*x + f. What is the units digit of x?
6
Let m(s) = -s**3 + 3*s**2 + 2*s - 4. Suppose 5*p - 3 - 2 = 3*a, -5*a - 15 = -5*p. Let w = 1 - p. What is the units digit of m(w)?
2
Suppose -3*i - o + 5*o = -300, 15 = -5*o. Suppose i = -a + 4*a. What is the units digit of a?
2
Let i = 120 - 88. What is the tens digit of i?
3
Let n(p) = -27*p**3 - 2*p - 1. Let z be 4/12 - (-4)/(-3). Let m be n(z). Let t = m + -17. What is the tens digit of t?
1
Let t = -39 + 73. What is the tens digit of t?
3
Let r = 6 + -7. Let f = r + -1. Let t = 6 + f. What is the units digit of t?
4
Suppose 2*c - 264 = -3*t, -7*t + 20 = -2*t. What is the hundreds digit of c?
1
Suppose 6 = -3*y + 36. Let q = y + -14. Let p = q - -8. What is the units digit of p?
4
Let q = 88 - 60. What is the units digit of q?
8
What is the units digit of (-75)/(-2) + (-2 - (-10)/4)?
8
Let n(t) = 6*t**2 + 2*t + 5. Let o be n(-4). Let x be o/(-7) - 10/(-35). Let j = x - -27. What is the tens digit of j?
1
What is the units digit of 0 + -2 + (3 - -2)?
3
Let q(i) = i**3 - 10*i**2 + i - 6. Let p be q(10). Suppose -44 - 136 = -p*h. What is the tens digit of h?
4
Let j = -3 - -6. Suppose 0 = j*c + 5*l - 5, 0*l + 5*l - 5 = -5*c. Suppose c = 3*a - 23 + 5. What is the units digit of a?
6
Let v(b) = -3 - 5*b**2 + b**3 + 7*b - 7*b - 4*b. What is the units digit of v(6)?
9
Let s(c) be the first derivative of -7*c**2/2 + 7*c + 3. What is the tens digit of s(-3)?
2
Suppose -4*i + 5*l + 680 = 0, 2*i + 2*l = 266 + 92. What is the tens digit of i?
7
Suppose 4*j = 2*a + 22, -j - 3 = 2*a - 6. Suppose -y = -0*y + 3*i - 25, -j*i = 3*y - 67. What is the units digit of y?
9
Let i be ((-2)/2)/((-2)/14). Let s(k) = -k**2 + 8*k + 10. Let r be s(i). Suppose -3*x = -r + 2. What is the units digit of x?
5
Let k(m) = m**2 + 3*m + 4. Let w be k(-4). Let h = 5 - 3. Suppose -h*r - 2*r = -w. What is the units digit of r?
2
Let t(b) = -b**3 + b + 3. Let a(f) = f**3 + f**2 - 4. Let m(g) = -4*a(g) - 5*t(g). Suppose -7*s + 29 = -6. What is the units digit of m(s)?
1
Suppose -3*f - 60 = f. Let y = 25 + f. What is the units digit of y?
0
Suppose -2*f + 2*l = -3*l + 10, 0 = 5*l. Let r(x) = -x**3 - 5*x**2 - 2*x - 7. Let i be r(f). Suppose i*b = 11 - 2. What is the units digit of b?
3
Let b(c) = -5*c**2 + 2 - c**2 + 0*c**3 - c**3 - 5*c. Let l be b(-5). Suppose -17 = x + 4*n, -7 = -2*x + l*n + 9. What is the units digit of x?
3
Suppose 46 + 10 = 7*b. What is the units digit of b?
8
Let j(s) = -2*s**2 - 33*s - 11. What is the units digit of j(-16)?
5
Let d(j) = j + 1. Let f be d(-3). Let x(q) = 2*q + 6. Let i be x(-5). Let p = f - i. What is the units digit of p?
2
Let s(q) = -8*q + 3. Let g(p) = -8*p + 3. Let h(v) = 5*g(v) - 6*s(v). Wh